8 and m.
8
Suppose -m - 2*w - 158 = -5*w, -5*m - 760 = -5*w. Let c = 158 + m. What is the greatest common divisor of c and 72?
9
Suppose -35*q + 17 = -34*q. Let b be 8 + (-143)/13 + 1*q. Calculate the highest common divisor of 658 and b.
14
Let o be -2*(-3)/10*(12 - 31 - -64). Suppose 4*s - j - 430 = -0*j, -2*j = -3*s + 320. What is the greatest common divisor of s and o?
27
Suppose 2*r + m = 79, 3 = -2*m + 3*m. Let v = r + -38. Suppose -4*b - b + 270 = v. What is the greatest common divisor of 6 and b?
6
Let i = 291 - 262. Suppose 5*j - i = -5*d + 11, 3*j + 4*d - 25 = 0. What is the highest common divisor of j and 14?
7
Let a(h) = h + 14. Let z = -36 + 41. Let m be a(z). Calculate the greatest common divisor of 19 and m.
19
Let z be (5/(-25) + 3)/((-224)/(-960)). What is the greatest common divisor of z and 414?
6
Suppose -10*m + 42 = -13*m. Let p = m + 18. Let j = 44 - 24. What is the greatest common divisor of p and j?
4
Suppose 0 = -38*y + 40*y + 5*s - 8292, 0 = -4*s + 16. What is the greatest common factor of 88 and y?
88
Let r = 10 + 18. Let a = 48 - r. Let u = -103 + 108. Calculate the highest common divisor of u and a.
5
Let d = 90 - 81. Suppose 0 = d*l - 567 - 1458. What is the greatest common factor of l and 5?
5
Suppose 131*y = 30*y - 94*y + 1950. Let f = 1 - -3. Suppose 15 = 3*s - 5*k, 5*s + 6 = f*k + 44. What is the highest common divisor of y and s?
10
Let p be 136227/1547 + 1/(-17). Calculate the greatest common factor of 1133 and p.
11
Let s be 543/9 - (962/1554 - 2/7). Let t(h) = -h**3 - 3*h**2 - 6*h. Let x be t(-4). What is the greatest common factor of s and x?
20
Let g = 48 - 104. Let r(f) = -17*f - 261. Let h be r(-16). Let y be (h - g) + -2 + 2 - -3. What is the highest common factor of y and 10?
10
Suppose -5*h + 5128 = -0*h + 4*o, -5*h = -5*o - 5110. Let w be (7/3)/(h/204 - 5). Let p = 15 + 2. What is the highest common divisor of w and p?
17
Suppose 13*s - 156 - 322 = 237. What is the greatest common factor of s and 99?
11
Let s = 668825 - 668789. Suppose 5*r = 3*n - 857, -n + 5*r = -0*n - 299. What is the greatest common factor of n and s?
9
Let k = -30 + 28. Let z be (56/(-24) - k) + 25/3. Calculate the greatest common divisor of 88 and z.
8
Let t = -25246 - -35765. Calculate the highest common factor of t and 157.
157
Suppose -3229 = -5*y + l, 59*l - 1941 = -3*y + 56*l. What is the greatest common divisor of y and 494?
38
Suppose 0 = -v + x + 1155, -4*x = v - 0*v - 1160. Suppose -w + v = 4*f, -f + 4*w - 6*w + 296 = 0. What is the greatest common factor of 18 and f?
18
Let j(p) = p**3 - 5*p**2 - 6*p + 4. Let y be j(6). Let w be y - (-3 + (-27)/3). Let f be ((-360)/50)/((-27)/90). What is the highest common divisor of w and f?
8
Suppose 181*p - 965358 = 63*p. Calculate the highest common factor of 505 and p.
101
Suppose 482*l - 455*l - 351 = 0. Let k = 6 + -2. Suppose 0 = -3*z + 4 - 7, k*z + 719 = 5*m. Calculate the greatest common divisor of m and l.
13
Let o = 161 - -514. Suppose -49*z + 58*z = o. Calculate the greatest common divisor of 675 and z.
75
Let u = -1220 - -2081. Suppose 2*o + 757 = u. What is the highest common divisor of 8 and o?
4
Let b be 2*-1*(-7 - -1). Let j(q) = q**3 + 7*q**2 + 4380*q + 17484. Let l be j(-4). What is the highest common factor of b and l?
12
Let l be (30/(-6) - (-1 - 2227)) + 2. Calculate the greatest common factor of 25 and l.
25
Suppose 0 = 5*r - 16*r + 13195 + 8497. Calculate the greatest common factor of r and 928.
116
Let h = -26 + 41. Suppose 5*v - 66 = w - h, 16 = 4*w. Let k be (6*(-12)/90)/(1/(-55)). What is the highest common divisor of v and k?
11
Let x be 290/(-348) - 5867/(-6). Let r = -691 + x. Calculate the greatest common factor of 78 and r.
26
Suppose -5*i - 4098 = -3*f, 0 = -3*i - 2*i. Let y = -964 + f. What is the greatest common divisor of 6 and y?
6
Suppose 0 = 4*i + 2 - 86. Let l(m) = 50*m - 764. Let a be l(22). Calculate the greatest common factor of a and i.
21
Suppose 2*k + 324 = 578. Suppose 2*y + 300 = 4*a, -5*a + 237 = 3*y - k. Calculate the highest common factor of a and 407.
37
Let b = -78 + 86. Let g be 3/(-3)*(-72 - 0). Calculate the highest common factor of b and g.
8
Let t(j) = j**3 + 2*j**2 - 3*j - 6. Let m be t(-3). Let p be -2*-51*3/m*1. Let o = p - -89. Calculate the highest common factor of 19 and o.
19
Let n = 34 - 40. Let i be n + (-37)/(-1) - 5. What is the greatest common factor of i and 39?
13
Let i(b) = -4*b + 9. Let g be i(-8). Let l = g + -18. Let o = l + 11. What is the greatest common factor of 85 and o?
17
Let b(p) = -p**3 + 4*p**2 + p - 4. Let u be b(3). Suppose 5 - 109 = -14*x + 120. What is the highest common divisor of x and u?
8
Let n(w) = w**2 + 45*w + 346. Let j be n(-41). Suppose -5*b - 253 + 68 = -3*m, -m + 3*b + 55 = 0. Calculate the highest common factor of m and j.
14
Let x = 1 + 0. Let o(s) = -36*s + 298. Let j be o(8). Suppose j*y = -16 + 26. Calculate the highest common divisor of x and y.
1
Let o be (-384)/30 - (12/(-15) + 1). Let a = o + 71. What is the greatest common factor of 116 and a?
58
Let f be (-6)/(-10) - ((-4)/(-8) + 5593/(-70)). What is the highest common divisor of 768 and f?
16
Suppose 5*h - 2260 = -q, 19*h - 4508 = -2*q + 15*h. What is the greatest common divisor of q and 72?
18
Let a be (-8)/36 - 1928/(-9). Let x = a + -208. Calculate the greatest common divisor of 102 and x.
6
Let i = 753 + -515. Suppose -14*s + i = -154. Calculate the greatest common factor of s and 742.
14
Suppose -69*q - 155 = -26236 - 55615. What is the highest common factor of q and 2294?
74
Let o be (-187 - -46)*(-2 - 3 - 1). Calculate the greatest common divisor of o and 162.
18
Let p be -4*-1*(7 + -4). Let h(c) = c**2 - 2*c + 89. Let q be h(0). Suppose -2*a - 17 = -q. Calculate the highest common divisor of p and a.
12
Let h be 1225/(-588) + (-3)/(-36) + 8732. Calculate the greatest common factor of h and 15.
15
Let g be ((-2)/(-1))/(2/(-539)). Let l = g + 550. Calculate the highest common divisor of l and 77.
11
Let p(i) = 3*i - 23. Let g = -201 - -212. Let k be p(g). What is the highest common factor of 15 and k?
5
Suppose -o = 2*z - 1052, z - 616 + 96 = o. Suppose 2*h - 4*g = -294, 4*g - 123 = -3*h - z. Let t = -85 - h. What is the highest common divisor of 27 and t?
27
Suppose 0 = 2*h - 5*z - 94, 3*h = -z + 5*z + 148. Suppose h*d = 55*d - 156. What is the greatest common factor of 351 and d?
13
Let s(h) = -44*h**3 - 2*h**2 - 5*h - 5. Let n(l) = l**2 + 2*l - 9. Let a be n(-4). Let t be s(a). Calculate the greatest common factor of t and 63.
21
Let u be ((-15)/(-4))/((-12)/(-16)). Suppose -88 = -u*q + 102. Suppose 2*t + q = 130. What is the highest common divisor of t and 414?
46
Suppose -9*j - 26 = -107. Let q(v) = v**3 - 5*v**2 - 16*v - 4. Let h be q(j). Calculate the greatest common divisor of h and 16.
16
Let o(w) = -7*w**2 - 22*w + 127. Let x(j) = 3*j**2 + 11*j - 64. Let u(y) = -4*o(y) - 9*x(y). Let n be u(9). Calculate the highest common divisor of 200 and n.
50
Let g = -3139 + 3148. Let j = 0 + 0. Let x be (j - -4)*3/(g/6). Calculate the highest common divisor of x and 8.
8
Suppose -i = 5*q - 1540, 331*q + 1 = 330*q. What is the highest common factor of i and 435?
15
Let o be 12 + -37 + 20 - (2 - 1*2631). What is the highest common divisor of o and 123?
41
Suppose -3*b + 2822 + 5911 = 3*m, -11650 = -4*b - 5*m. What is the highest common divisor of 35 and b?
35
Suppose -3*m - a = -1361, -5*m = -10*m + 2*a + 2261. What is the greatest common divisor of m and 15?
3
Suppose -c = -4*c + 5*f + 38, -6 = -3*f. Let i be 0/(-10)*1/2. Suppose y = -3*w + 28, -2*w - 3*y = -i*y - 28. What is the greatest common divisor of w and c?
8
Suppose 44*l - 4294 = -27*l - 460. Calculate the greatest common factor of 513 and l.
27
Suppose 0*t - 135 = -3*t. Let g be -32*(t/(-6) + 3). Suppose 23*m = 25*m - g. What is the greatest common factor of 48 and m?
24
Let p(s) = -2*s**3 - s**2 + 35*s + 29. Let o be p(-4). What is the highest common divisor of 16 and o?
1
Suppose 2438 = 1083*q - 1037*q. What is the highest common factor of q and 14522?
53
Suppose 2*a = 5*q + 14063, 8*a - 4*a + 3*q - 28217 = 0. Calculate the greatest common factor of 532 and a.
133
Let x(l) = l**2 - 98*l - 93. Let w be x(99). Let h = -12 - -18. Calculate the greatest 